1011010
-862a5 (base 11) to base 2
-11110101000011111
What is 63416050 (base 8) in base 12?
4634ab4
2142872 (base 10) to base 8
10131230
What is -634154 (base 7) in base 4?
-122233001
What is -21c6f8 (base 16) in base 15?
-2dad4e
1261419 (base 12) to base 4
31301130111
What is 206d2 (base 14) in base 3?
10222021000
-1461b (base 15) to base 14
-19c29
What is -287715 (base 10) in base 15?
-5a3b0
Convert -3023020 (base 6) to base 16.
-22f74
Convert 46823 (base 15) to base 10.
224583
-1732d8 (base 15) to base 8
-4224260
What is 1111111010101100110 (base 2) in base 10?
521574
103113002332 (base 4) to base 9
10484687
What is -13222231223 (base 4) in base 11?
-115312a
22210220102 (base 3) to base 8
522570
-340200211 (base 5) to base 15
-1e6a3b
22100112011 (base 3) to base 7
1253215
What is -523778 (base 11) in base 9?
-1518465
-3a84982 (base 11) to base 15
-943819
What is -4101331304 (base 5) in base 14?
-11434ba
10612 (base 9) to base 16
1b92
2430165 (base 7) to base 4
1023221001
-334051 (base 7) to base 9
-88871
What is -25ddd1 (base 15) in base 11?
-10325aa
What is -3141013 (base 5) in base 15?
-108dd
Convert 11011100111001011 (base 2) to base 4.
123213023
1e353 (base 16) to base 15
269db
What is 106bab (base 12) in base 11?
169036
-12201b5 (base 13) to base 12
-1a7432a
1002305 (base 7) to base 4
130323113
Convert 145267 (base 10) to base 7.
1143343
Convert 33104 (base 5) to base 14.
b8b
What is 2300332132 (base 4) in base 6?
23311554
104304655 (base 7) to base 10
6287524
747752 (base 9) to base 11
284622
Convert -71952 (base 11) to base 9.
-168876
12402230 (base 5) to base 6
2341410
What is 2993394 (base 10) in base 16?
2dacf2
Convert -42188 (base 12) to base 16.
-15278
34302413 (base 5) to base 13
a9733
-830baa (base 12) to base 5
-1011221303
Convert 22174 (base 8) to base 15.
2b7a
What is -295a49 (base 13) in base 4?
-3313022103
-110110100011101001 (base 2) to base 9
-370474
What is -a88892 (base 12) in base 11?
-1563531
813927 (base 12) to base 10
2017903
What is 1252045 (base 6) in base 10?
69149
-311ff (base 16) to base 12
-9853b
What is 134023341 (base 5) in base 2?
10101000010001000101
Convert -97a76 (base 12) to base 7.
-1462551
What is -1001221222000 (base 3) in base 4?
-2023023003
-10244303 (base 5) to base 3
-11102222000
What is c952 (base 14) in base 15?
a479
What is b39ceb (base 15) in base 7?
132400664
Convert -90d25f (base 16) to base 9.
-18765228
What is -670212 (base 9) in base 11?
-253905
230281 (base 10) to base 12
b1321
What is b53eb (base 16) in base 9?
1351315
1134660 (base 8) to base 13
aac57
What is 14722 (base 8) in base 14?
25a2
64330120 (base 7) to base 4
110313111211
1702472 (base 10) to base 14
324612
4a25a (base 12) to base 7
566146
What is 18c3 (base 15) in base 5?
132413
What is 112284 (base 13) in base 9?
676120
What is 302072 (base 10) in base 3?
120100100212
43443112 (base 6) to base 2
100111100100100110100
-622784 (base 10) to base 5
-124412114
What is 11b7b3 (base 14) in base 2?
10010100011011010001
Convert -108521 (base 12) to base 3.
-111101022121
45663 (base 8) to base 15
5b1e
Convert 610 (base 13) to base 9.
1361
-d936b1 (base 14) to base 6
-421245551
38c9b (base 13) to base 15
2137a
-150756 (base 9) to base 4
-112210320
What is -3862b3 (base 14) in base 15?
-284278
Convert 2a334 (base 14) to base 8.
314712
Convert 205212311 (base 6) to base 2.
1101110001010100110011
Convert 41020516 (base 7) to base 14.
64d30d
1035653 (base 7) to base 9
213058
Convert -868130 (base 9) to base 14.
-d6946
Convert 70313 (base 15) to base 13.
c57cc
What is 1633 (base 13) in base 12?
1a71
What is 3cff9 (base 16) in base 8?
747771
Convert -120444 (base 13) to base 14.
-b2575
What is -122224465 (base 7) in base 15?
-a1ca61
What is -386057 (base 13) in base 12?
-554605
What is 102022102021 (base 3) in base 8?
662671
Convert -92333 (base 13) to base 14.
-6b69a
Convert 15150254 (base 6) to base 9.
883627
Convert 368227 (base 9) to base 8.
662504
What is -3042221 (base 5) in base 12?
-24906
Convert 618234 (base 11) to base 4.
3302022002
-153355 (base 10) to base 11
-a5244
Convert -227145 (base 10) to base 12.
-ab549
Convert 50916c (base 13) to base 4.
13022020101
Convert 2a1559 (base 12) to base 16.
acbd5
What is -22202 (base 4) in base 5?
-10144
-70425a (base 11) to base 15
-175a78
Convert 1b5b26 (base 13) to base 6.
22545020
Convert -dac39 (base 15) to base 10.
-694629
288a86 (base 11) to base 15
8da3c
What is 10101012001202 (base 3) in base 8?
6661435
Convert -4331312 (base 6) to base 8.
-642234
What is cd524 (base 15) in base 4?
2133103312
What is 6036515 (base 7) in base 14?
148a0c
Convert 13cc4 (base 16) to base 8.
236304
What is -164d0b (base 15) in base 12?
-4408b5
3745742 (base 8) to base 12
41b116
-4281527 (base 9) to base 11
-132a175
What is 466011 (base 8) in base 11?
a928a
What is 760215 (base 9) in base 12?
19a105
44a1877 (base 12) to base 14
1a641ab
Convert -1a6230 (base 13) to base 16.
-a3afe
Convert -23300012112 (base 4) to base 15.
-40cb83
What is 597401 (base 12) in base 7?
15161221
What is 2402623 (base 8) in base 16?
a0593
-1067f9 (base 16) to base 11
-674899
Convert 47954 (base 12) to base 15.
1d86a
What is 70404 (base 10) in base 11?
48994
-1544215 (base 8) to base 4
-1230202031
What is -27544 (base 11) in base 15?
-b96c
Convert -8cb60a (base 14) to base 2.
-10010010010101001001010
-21000001221020 (base 3) to base 4
-32030210121
What is -13001010 (base 4) in base 12?
-14770
101100111011111001 (base 2) to base 6
3540041
122324403 (base 5) to base 4
2033320221
-426266 (base 7) to base 16
-121fa
Convert -2212221111 (base 3) to base 10.
-56821
20122120012211 (base 3) to base 14
680057
-53d85c (base 14) to base 2
-1010110101110001011010
Convert -2c42bb (base 13) to base 15.
-1694d3
Convert a57c (base 15) to base 8.
104260
Convert -b14bd (base 14) to base 12.
-186827
What is 2102043 (base 5) in base 3?
1202112021
Convert -254775 (base 13) to base 5.
-212123313
66082b (base 13) to base 14
466b73
Convert -10111010101110010101100 (base 2) to base 6.
-335050420
7111bc (base 14) to base 12
133686a
What is 3134144 (base 6) in base 2?
100101001111110000
100310020200 (base 4) to base 16
434220
5546a (base 13) to base 16
25bba
25418277 (base 9) to base 15
11655e4
What is -28d71 (base 16) in base 9?
-274417
-7a26c9 (base 14) to base 3
-21211010122101
-f4d7a (base 16) to base 12
-40444a
100020220 (base 3) to base 5
203442
-770372 (base 8) to base 16
-3f0fa
23a9b (base 12) to base 7
260366
-7f6d (base 16) to base 14
-bc61
Convert -1801850 (base 13) to base 16.
-7707bf
-1bc46c (base 13) to base 8
-2557622
Convert 130133003 (base 4) to base 5.
12213200
bd31e9 (base 15) to base 9
17870543
-97766 (base 10) to base 14
-278b4
What is 1a7a698 (base 12) in base 2?
10101100000011001010100
Convert 1001236 (base 7) to base 10.
118117
What is -21335606 (base 7) in base 10?
-1824374
-100010111011111000 (base 2) to base 16
-22ef8
Convert c32cdd (base 14) to base 8.
31056023
Convert -311b0 (base 12) to base 3.
-10021002020
-6538137 (base 9) to base 8
-15306421
Convert 1a01953 (base 12) to base 13.
119a17a
Convert 20201112010102 (base 3) to base 5.
1403313141
12102003113 (base 4) to base 7
16666121
What is -a2321b (base 14) in base 13?
-1193b93
What is -1043423 (base 8) in base 14?
-74243
What is -811481 (base 14) in base 8?
-20445511
Convert -2200125 (base 6) to base 9.
-175358
-2535541 (base 6) to base 15
-2aa7a
What is 220012012212100 (base 3) in base 2?
110001000010111110111010
Convert -330426 (base 7) to base 3.
-2221100020
What is -16048a (base 13) in base 11?
-341335
What is -1202221021202 (base 3) in base 10?
-943535
Convert -9a875 (base 12) to base 3.
-101102101222
Convert -19e5e8 (base 15) to base 11.
-7933a1
-2525603 (base 9) to base 7
-14455602
151432250 (base 6) to base 16
303d86
Convert 40051450 (base 6) to base 15.
173c29
30d64 (base 15) to base 11
a6413
Convert 100111000010011111101 (base 2) to base 4.
10320103331
-38566a3 (base 11) to base 7
-110552102
-30379 (base 13) to base 5
-10230130
Convert -3ee91 (base 16) to base 10.
-257681
What is 475152 (base 10) in base 4?
1310000100
-20101330221 (base 4) to base 15
-2cd260
What is 1033102100 (base 6) in base 4?
222031211310
-674513 (base 9) to base 2
-1100010100001100010
Conv